{"id":1056,"date":"2015-06-12T20:29:06","date_gmt":"2015-06-12T20:29:06","guid":{"rendered":"http:\/\/radiobarriofranklin.cl\/?page_id=1056"},"modified":"2023-06-01T15:32:00","modified_gmt":"2023-06-01T15:32:00","slug":"programacion","status":"publish","type":"page","link":"https:\/\/radiobarriofranklin.cl\/index.php\/programacion\/","title":{"rendered":"Programas"},"content":{"rendered":"<p><strong><a href=\"https:\/\/radiobarriofranklin.cl\/index.php\/con-el-alma-hecha-titere\/\">CON EL ALMA HECHA T\u00cdTERE<\/a><\/strong><\/p>\n<p><strong><a href=\"https:\/\/radiobarriofranklin.cl\/index.php\/4157-2\/\">LOS \u00c9XITOS DEL AYER<\/a><\/strong><\/p>\n<p><strong><a href=\"https:\/\/radiobarriofranklin.cl\/index.php\/programa-puntos-de-cultura\/\">PUNTOS DE CULTURA<\/a><\/strong><\/p>\n<p><strong><a href=\"https:\/\/radiobarriofranklin.cl\/index.php\/somos-carnaval\/\">SOMOS CARNAVAL<\/a><\/strong><\/p>\n<p><strong><a href=\"https:\/\/radiobarriofranklin.cl\/index.php\/genialmente-comunes\/\">GENIALMENTE COM\u00daN<\/a><\/strong><\/p>\n<p><strong><a href=\"https:\/\/radiobarriofranklin.cl\/index.php\/cafe-social\/\">CAF\u00c9 SOCIAL<\/a><\/strong><\/p>\n<p><strong><a href=\"https:\/\/radiobarriofranklin.cl\/index.php\/1088-2\/\" target=\"_blank\" rel=\"noopener\">COMIENDO RA\u00cdCES<\/a><\/strong><\/p>\n<p><strong><a href=\"https:\/\/radiobarriofranklin.cl\/index.php\/la-verda\/\" target=\"_blank\" rel=\"noopener\">LA VERD\u00c1<\/a><\/strong><\/p>\n<p><strong><a href=\"https:\/\/radiobarriofranklin.cl\/index.php\/lavozbarrial\/\">LA VOZ BARRIAL<\/a><\/strong><\/p>\n<p><strong><a href=\"https:\/\/radiobarriofranklin.cl\/?p=2347\" target=\"_blank\" rel=\"noopener\">PUNTOS DE CULTURA<\/a><\/strong><\/p>\n<p><strong><a href=\"https:\/\/radiobarriofranklin.cl\/index.php\/dale-play-a-tu-cancion\/\">DALE PLAY A TU CANCI\u00d3N<\/a><\/strong><\/p>\n<p><strong><a href=\"https:\/\/radiobarriofranklin.cl\/index.php\/levantemos-los-panuelos\/\">LEVANTEMOS LOS PA\u00d1UELOS<\/a><\/strong><\/p>\n<p><strong><a href=\"https:\/\/radiobarriofranklin.cl\/index.php\/metamorfosis\/\" target=\"_blank\" rel=\"noopener\">METAMORFOSIS<\/a><\/strong><\/p>\n<p><strong><a href=\"https:\/\/radiobarriofranklin.cl\/index.php\/patrimonio-vivo-del-barrio-franklin\/\" target=\"_blank\" rel=\"noopener\">PATRIMONIO VIVO<\/a><\/strong><\/p>\n<p><strong><a href=\"https:\/\/radiobarriofranklin.cl\/index.php\/conexion-digital\/\" target=\"_blank\" rel=\"noopener\">CONEXI\u00d3N DIGITAL<\/a><\/strong><\/p>\n<p><strong><a href=\"https:\/\/radiobarriofranklin.cl\/index.php\/canto-a-las-mujeres-2\/\" target=\"_blank\" rel=\"noopener\">CANTO A LAS MUJERES<\/a><\/strong><\/p>\n<p><strong><a href=\"https:\/\/radiobarriofranklin.cl\/index.php\/el-jardin-musical\/\" target=\"_blank\" rel=\"noopener\">EL JARD\u00cdN MUSICAL<\/a><\/strong><\/p>\n<p><strong><a href=\"https:\/\/radiobarriofranklin.cl\/index.php\/prevencion-y-salud\/\">PREVENCI\u00d3N Y SALUD<\/a><\/strong><\/p>\n<p><strong><a href=\"https:\/\/radiobarriofranklin.cl\/index.php\/patrimonio-del-barrio\/\">PATRIMONIO DEL BARRIO<\/a><\/strong><\/p>\n<p><strong><a href=\"https:\/\/radiobarriofranklin.cl\/index.php\/conversando-con-tulio\/\">CONVERSANDO CON TULIO<\/a><\/strong><\/p>\n<p><strong><a href=\"https:\/\/radiobarriofranklin.cl\/index.php\/radio-teatro\/\">RADIO TEATRO<\/a><\/strong><\/p>\n<p><strong><a href=\"https:\/\/radiobarriofranklin.cl\/index.php\/programa-especial-genero-y-participacion-ciudadana\/\">PROGRAMA ESPECIAL:\u00a0G\u00c9NERO Y PARTICIPACI\u00d3N CIUDADANA<\/a><\/strong><\/p>\n<p><strong><a href=\"https:\/\/radiobarriofranklin.cl\/index.php\/la-flor-del-paraiso-la-arana-de-cristal\/\">LA FLOR DEL PARA\u00cdSO<\/a><\/strong><\/p>\n<p><strong><a href=\"https:\/\/radiobarriofranklin.cl\/index.php\/la-flor-del-paraiso-la-arana-de-cristal\/\">LA ARA\u00d1A DE CRISTAL<\/a><\/strong><\/p>\n<p>&nbsp;<\/p>\n","protected":false},"excerpt":{"rendered":"<p>CON EL ALMA HECHA T\u00cdTERE LOS \u00c9XITOS DEL AYER PUNTOS DE CULTURA SOMOS CARNAVAL GENIALMENTE COM\u00daN CAF\u00c9 SOCIAL COMIENDO RA\u00cdCES LA VERD\u00c1 LA VOZ BARRIAL PUNTOS DE CULTURA DALE PLAY A TU CANCI\u00d3N LEVANTEMOS LOS PA\u00d1UELOS METAMORFOSIS PATRIMONIO VIVO CONEXI\u00d3N DIGITAL CANTO A LAS MUJERES EL JARD\u00cdN MUSICAL PREVENCI\u00d3N Y SALUD PATRIMONIO DEL BARRIO CONVERSANDO [&hellip;]<\/p>\n","protected":false},"author":1,"featured_media":0,"parent":0,"menu_order":0,"comment_status":"closed","ping_status":"closed","template":"","meta":{"footnotes":""},"class_list":["post-1056","page","type-page","status-publish","hentry"],"_links":{"self":[{"href":"https:\/\/radiobarriofranklin.cl\/index.php\/wp-json\/wp\/v2\/pages\/1056","targetHints":{"allow":["GET"]}}],"collection":[{"href":"https:\/\/radiobarriofranklin.cl\/index.php\/wp-json\/wp\/v2\/pages"}],"about":[{"href":"https:\/\/radiobarriofranklin.cl\/index.php\/wp-json\/wp\/v2\/types\/page"}],"author":[{"embeddable":true,"href":"https:\/\/radiobarriofranklin.cl\/index.php\/wp-json\/wp\/v2\/users\/1"}],"replies":[{"embeddable":true,"href":"https:\/\/radiobarriofranklin.cl\/index.php\/wp-json\/wp\/v2\/comments?post=1056"}],"version-history":[{"count":191,"href":"https:\/\/radiobarriofranklin.cl\/index.php\/wp-json\/wp\/v2\/pages\/1056\/revisions"}],"predecessor-version":[{"id":4217,"href":"https:\/\/radiobarriofranklin.cl\/index.php\/wp-json\/wp\/v2\/pages\/1056\/revisions\/4217"}],"wp:attachment":[{"href":"https:\/\/radiobarriofranklin.cl\/index.php\/wp-json\/wp\/v2\/media?parent=1056"}],"curies":[{"name":"wp","href":"https:\/\/api.w.org\/{rel}","templated":true}]}}