{"id":1058,"date":"2015-06-12T20:46:13","date_gmt":"2015-06-12T20:46:13","guid":{"rendered":"http:\/\/radiobarriofranklin.cl\/?page_id=1058"},"modified":"2025-09-24T21:58:01","modified_gmt":"2025-09-24T21:58:01","slug":"contacto","status":"publish","type":"page","link":"https:\/\/radiobarriofranklin.cl\/index.php\/contacto\/","title":{"rendered":"Contacto"},"content":{"rendered":"<h3><strong>Si nuestros programas son de tu inter\u00e9s o deseas participar, escr\u00edbenos al correo electr\u00f3nico radiobarriofranklin@gmail.com<\/strong><\/h3>\n<h3><strong>Comenta\u00a0a trav\u00e9s de nuestras redes sociales:<\/strong><\/h3>\n<h3><strong>Facebook: <a href=\"https:\/\/www.facebook.com\/laradiofranklin\/\" target=\"_blank\" rel=\"noopener\">laradiofranklin<\/a><\/strong><\/h3>\n<h3><strong>Twitter: <a href=\"https:\/\/twitter.com\/LaRadioFranklin\" target=\"_blank\" rel=\"noopener\">@laradiofranklin<\/a><\/strong><\/h3>\n<h3><strong>Instagram: <a href=\"https:\/\/www.instagram.com\/radiofranklin\/?hl=es-la\" target=\"_blank\" rel=\"noopener\">@radiofranklin<\/a><\/strong><\/h3>\n<h3><strong>Youtube: <a href=\"https:\/\/www.youtube.com\/channel\/UCYdguhCX0_OJYapk6hUSJyw\" target=\"_blank\" rel=\"noopener\">Radio Barrio Franklin<\/a><\/strong><\/h3>\n<h3><strong>!Te invitamos a escuchar nuestra programaci\u00f3n y a ser parte de nuestras voces!<\/strong><\/h3>\n<p>&nbsp;<\/p>\n","protected":false},"excerpt":{"rendered":"<p>Si nuestros programas son de tu inter\u00e9s o deseas participar, escr\u00edbenos al correo electr\u00f3nico radiobarriofranklin@gmail.com Comenta\u00a0a trav\u00e9s de nuestras redes sociales: Facebook: laradiofranklin Twitter: @laradiofranklin Instagram: @radiofranklin Youtube: Radio Barrio Franklin !Te invitamos a escuchar nuestra programaci\u00f3n y a ser parte de nuestras voces! &nbsp;<\/p>\n","protected":false},"author":1,"featured_media":0,"parent":0,"menu_order":0,"comment_status":"closed","ping_status":"closed","template":"","meta":{"footnotes":""},"class_list":["post-1058","page","type-page","status-publish","hentry"],"_links":{"self":[{"href":"https:\/\/radiobarriofranklin.cl\/index.php\/wp-json\/wp\/v2\/pages\/1058","targetHints":{"allow":["GET"]}}],"collection":[{"href":"https:\/\/radiobarriofranklin.cl\/index.php\/wp-json\/wp\/v2\/pages"}],"about":[{"href":"https:\/\/radiobarriofranklin.cl\/index.php\/wp-json\/wp\/v2\/types\/page"}],"author":[{"embeddable":true,"href":"https:\/\/radiobarriofranklin.cl\/index.php\/wp-json\/wp\/v2\/users\/1"}],"replies":[{"embeddable":true,"href":"https:\/\/radiobarriofranklin.cl\/index.php\/wp-json\/wp\/v2\/comments?post=1058"}],"version-history":[{"count":25,"href":"https:\/\/radiobarriofranklin.cl\/index.php\/wp-json\/wp\/v2\/pages\/1058\/revisions"}],"predecessor-version":[{"id":4478,"href":"https:\/\/radiobarriofranklin.cl\/index.php\/wp-json\/wp\/v2\/pages\/1058\/revisions\/4478"}],"wp:attachment":[{"href":"https:\/\/radiobarriofranklin.cl\/index.php\/wp-json\/wp\/v2\/media?parent=1058"}],"curies":[{"name":"wp","href":"https:\/\/api.w.org\/{rel}","templated":true}]}}