{"id":1092,"date":"2015-07-23T19:23:21","date_gmt":"2015-07-23T19:23:21","guid":{"rendered":"http:\/\/radiobarriofranklin.cl\/?page_id=1092"},"modified":"2023-05-16T19:10:59","modified_gmt":"2023-05-16T19:10:59","slug":"el-jardin-musical","status":"publish","type":"page","link":"https:\/\/radiobarriofranklin.cl\/index.php\/el-jardin-musical\/","title":{"rendered":"El Jard\u00edn Musical"},"content":{"rendered":"<h2><strong><a href=\"https:\/\/radiobarriofranklin.cl\/wp-content\/uploads\/2011\/11\/El-jard\u00edn-musical-musical.jpg\"><img loading=\"lazy\" decoding=\"async\" class=\"alignnone size-full wp-image-1074\" src=\"https:\/\/radiobarriofranklin.cl\/wp-content\/uploads\/2011\/11\/El-jard\u00edn-musical-musical.jpg\" alt=\"El-jard\u00edn-musical-musical\" width=\"550\" height=\"365\" srcset=\"https:\/\/radiobarriofranklin.cl\/wp-content\/uploads\/2011\/11\/El-jard\u00edn-musical-musical.jpg 550w, https:\/\/radiobarriofranklin.cl\/wp-content\/uploads\/2011\/11\/El-jard\u00edn-musical-musical-300x199.jpg 300w, https:\/\/radiobarriofranklin.cl\/wp-content\/uploads\/2011\/11\/El-jard\u00edn-musical-musical-150x100.jpg 150w, https:\/\/radiobarriofranklin.cl\/wp-content\/uploads\/2011\/11\/El-jard\u00edn-musical-musical-434x289.jpg 434w, https:\/\/radiobarriofranklin.cl\/wp-content\/uploads\/2011\/11\/El-jard\u00edn-musical-musical-80x53.jpg 80w, https:\/\/radiobarriofranklin.cl\/wp-content\/uploads\/2011\/11\/El-jard\u00edn-musical-musical-235x156.jpg 235w\" sizes=\"auto, (max-width: 550px) 100vw, 550px\" \/><\/a><\/strong><\/h2>\n<h2><strong>EL JARD\u00cdN MUSICAL<\/strong><\/h2>\n<hr \/>\n<p><span style=\"color: #546284; font-family: 'Open Sans', sans-serif; font-size: 13px;\">Este programa pretende ser un puente de uni\u00f3n entre la comunidad y su entorno ecol\u00f3gico, enlazando a trav\u00e9s de la m\u00fasica, los temas a tratar, relacionados con las plantas y en un contexto m\u00e1s general, todo lo que se inserta en la permacultura.\u00a0<\/span><\/p>\n<hr \/>\n<h5><strong>CONDUCE:<\/strong>\u00a0Julio C\u00e9sar Vergara<\/h5>\n<hr \/>\n<p>&nbsp;<\/p>\n<p><strong>Capsula\u00a0Sonora:\u00a0Rolando Alarc\u00f3n.<\/strong><\/p>\n<p>Cantautor, Folklorista, uno de los creadores de la nueva canci\u00f3n Chilena, que falleci\u00f3 tempranamente a la edad de 43 a\u00f1os en el a\u00f1o 1973<\/p>\n<!--[if lt IE 9]><script>document.createElement('audio');<\/script><![endif]-->\n<audio class=\"wp-audio-shortcode\" id=\"audio-1092-1\" preload=\"none\" style=\"width: 100%;\" controls=\"controls\"><source type=\"audio\/mpeg\" src=\"https:\/\/radiobarriofranklin.cl\/wp-content\/uploads\/2016\/08\/especial-rolando-alarcon-128-Kb.mp3?_=1\" \/><a href=\"https:\/\/radiobarriofranklin.cl\/wp-content\/uploads\/2016\/08\/especial-rolando-alarcon-128-Kb.mp3\">https:\/\/radiobarriofranklin.cl\/wp-content\/uploads\/2016\/08\/especial-rolando-alarcon-128-Kb.mp3<\/a><\/audio>\n<hr \/>\n<p><strong>Capsula\u00a0Sonora: Rockabilly.<\/strong><\/p>\n<p>Una\u00a0muestra de los or\u00edgenes de este genero que a su vez dio origen al Rock and Roll<\/p>\n<audio class=\"wp-audio-shortcode\" id=\"audio-1092-2\" preload=\"none\" style=\"width: 100%;\" controls=\"controls\"><source type=\"audio\/mpeg\" src=\"https:\/\/radiobarriofranklin.cl\/wp-content\/uploads\/2016\/08\/Capsula-01-Rock-a-Billy-128-kb.mp3?_=2\" \/><a href=\"https:\/\/radiobarriofranklin.cl\/wp-content\/uploads\/2016\/08\/Capsula-01-Rock-a-Billy-128-kb.mp3\">https:\/\/radiobarriofranklin.cl\/wp-content\/uploads\/2016\/08\/Capsula-01-Rock-a-Billy-128-kb.mp3<\/a><\/audio>\n<hr \/>\n<p><strong>Capsula\u00a0Sonora: Homenaje a George Mart\u00edn.<\/strong><\/p>\n<p>Conocido como el 5\u00ba Beatle, este director y arreglador, fue quien creo el sonido\u00a0<strong>Beatle<\/strong>, en la producci\u00f3n de sus grabaciones en los estudios Abbey Road en Londres.\u00a0Un homenaje al estilo de la Radio Franklin , que incluye la pieza orquestal de introducci\u00f3n del Submarino Amarillo.<\/p>\n<audio class=\"wp-audio-shortcode\" id=\"audio-1092-3\" preload=\"none\" style=\"width: 100%;\" controls=\"controls\"><source type=\"audio\/mpeg\" src=\"https:\/\/radiobarriofranklin.cl\/wp-content\/uploads\/2016\/08\/Homenaje-a-George-Martin-128-streaming.mp3?_=3\" \/><a href=\"https:\/\/radiobarriofranklin.cl\/wp-content\/uploads\/2016\/08\/Homenaje-a-George-Martin-128-streaming.mp3\">https:\/\/radiobarriofranklin.cl\/wp-content\/uploads\/2016\/08\/Homenaje-a-George-Martin-128-streaming.mp3<\/a><\/audio>\n<hr \/>\n<p><strong>Programa 04: Carmes\u00ed y Tr\u00e9bol.<br \/>\n<\/strong><\/p>\n<p>Aqu\u00ed hablamos de las bondades del Tr\u00e9bol, planta conocida por todos,pero que ignoramos sus propiedades alimenticias y terap\u00e9uticas.Destacamos la entrevista-conversacion con \u00c1ngel Parra, folklorista,cantante,escritor y gestor del movimiento de la Nueva canci\u00f3n chilena, y terminamos con el grupo Aguaturbia y su versi\u00f3n de Carmes\u00ed y Tr\u00e9bol.<\/p>\n<audio class=\"wp-audio-shortcode\" id=\"audio-1092-4\" preload=\"none\" style=\"width: 100%;\" controls=\"controls\"><source type=\"audio\/mpeg\" src=\"https:\/\/radiobarriofranklin.cl\/wp-content\/uploads\/2015\/12\/cuarto-programa-Mezcla-128.mp3?_=4\" \/><a href=\"https:\/\/radiobarriofranklin.cl\/wp-content\/uploads\/2015\/12\/cuarto-programa-Mezcla-128.mp3\">https:\/\/radiobarriofranklin.cl\/wp-content\/uploads\/2015\/12\/cuarto-programa-Mezcla-128.mp3<\/a><\/audio>\n<hr \/>\n<p><strong>Programa 03: Especial Fiestas Patrias.<\/strong><\/p>\n<p>Cap\u00edtulo dedicado integramente a la m\u00fasica de nuestra tierra.<\/p>\n<audio class=\"wp-audio-shortcode\" id=\"audio-1092-5\" preload=\"none\" style=\"width: 100%;\" controls=\"controls\"><source type=\"audio\/mpeg\" src=\"https:\/\/radiobarriofranklin.cl\/wp-content\/uploads\/2015\/07\/Jardin-Musical-03-Especial-musical-18-de-Seprtiembre.mp3?_=5\" \/><a href=\"https:\/\/radiobarriofranklin.cl\/wp-content\/uploads\/2015\/07\/Jardin-Musical-03-Especial-musical-18-de-Seprtiembre.mp3\">https:\/\/radiobarriofranklin.cl\/wp-content\/uploads\/2015\/07\/Jardin-Musical-03-Especial-musical-18-de-Seprtiembre.mp3<\/a><\/audio>\n<hr \/>\n<p><strong>Programa 02: Visiones compartidas sobre el cuidado del medio ambiente.<\/strong><\/p>\n<p>En este capitulo,\u00a0 expondremos las visiones de la Iglesia Cat\u00f3lica, la Cosmovisi\u00f3n Mapuche y de un vecino del barrio acerca de la preservaci\u00f3n del medio ambiente y la Naturaleza.\u00a0 A trav\u00e9s de la m\u00fasica,\u00a0 tomaremos conciencia de los talentos que todos tenemos para seguir esta huella.<\/p>\n<audio class=\"wp-audio-shortcode\" id=\"audio-1092-6\" preload=\"none\" style=\"width: 100%;\" controls=\"controls\"><source type=\"audio\/mpeg\" src=\"https:\/\/radiobarriofranklin.cl\/wp-content\/uploads\/2015\/09\/Jardin-Musical-2-.mp3?_=6\" \/><a href=\"https:\/\/radiobarriofranklin.cl\/wp-content\/uploads\/2015\/09\/Jardin-Musical-2-.mp3\">https:\/\/radiobarriofranklin.cl\/wp-content\/uploads\/2015\/09\/Jardin-Musical-2-.mp3<\/a><\/audio>\n<p><strong>\u00a0<\/strong><\/p>\n<hr \/>\n","protected":false},"excerpt":{"rendered":"<p>EL JARD\u00cdN MUSICAL Este programa pretende ser un puente de uni\u00f3n entre la comunidad y su entorno ecol\u00f3gico, enlazando a trav\u00e9s de la m\u00fasica, los temas a tratar, relacionados con las plantas y en un contexto m\u00e1s general, todo lo que se inserta en la permacultura.\u00a0 CONDUCE:\u00a0Julio C\u00e9sar Vergara &nbsp; Capsula\u00a0Sonora:\u00a0Rolando Alarc\u00f3n. Cantautor, Folklorista, uno [&hellip;]<\/p>\n","protected":false},"author":1,"featured_media":0,"parent":0,"menu_order":0,"comment_status":"closed","ping_status":"closed","template":"","meta":{"footnotes":""},"class_list":["post-1092","page","type-page","status-publish","hentry"],"_links":{"self":[{"href":"https:\/\/radiobarriofranklin.cl\/index.php\/wp-json\/wp\/v2\/pages\/1092","targetHints":{"allow":["GET"]}}],"collection":[{"href":"https:\/\/radiobarriofranklin.cl\/index.php\/wp-json\/wp\/v2\/pages"}],"about":[{"href":"https:\/\/radiobarriofranklin.cl\/index.php\/wp-json\/wp\/v2\/types\/page"}],"author":[{"embeddable":true,"href":"https:\/\/radiobarriofranklin.cl\/index.php\/wp-json\/wp\/v2\/users\/1"}],"replies":[{"embeddable":true,"href":"https:\/\/radiobarriofranklin.cl\/index.php\/wp-json\/wp\/v2\/comments?post=1092"}],"version-history":[{"count":43,"href":"https:\/\/radiobarriofranklin.cl\/index.php\/wp-json\/wp\/v2\/pages\/1092\/revisions"}],"predecessor-version":[{"id":2772,"href":"https:\/\/radiobarriofranklin.cl\/index.php\/wp-json\/wp\/v2\/pages\/1092\/revisions\/2772"}],"wp:attachment":[{"href":"https:\/\/radiobarriofranklin.cl\/index.php\/wp-json\/wp\/v2\/media?parent=1092"}],"curies":[{"name":"wp","href":"https:\/\/api.w.org\/{rel}","templated":true}]}}

El Jardín Musical

<h2><strong><a href="https://radiobarriofranklin.cl/wp-content/uploads/2011/11/El-jardín-musical-musical.jpg"><img loading="lazy" decoding="async" class="alignnone size-full wp-image-1074" src="https://radiobarriofranklin.cl/wp-content/uploads/2011/11/El-jardín-musical-musical.jpg" alt="El-jardín-musical-musical" width="550" height="365" srcset="https://radiobarriofranklin.cl/wp-content/uploads/2011/11/El-jardín-musical-musical.jpg 550w, https://radiobarriofranklin.cl/wp-content/uploads/2011/11/El-jardín-musical-musical-300x199.jpg 300w, https://radiobarriofranklin.cl/wp-content/uploads/2011/11/El-jardín-musical-musical-150x100.jpg 150w, https://radiobarriofranklin.cl/wp-content/uploads/2011/11/El-jardín-musical-musical-434x289.jpg 434w, https://radiobarriofranklin.cl/wp-content/uploads/2011/11/El-jardín-musical-musical-80x53.jpg 80w, https://radiobarriofranklin.cl/wp-content/uploads/2011/11/El-jardín-musical-musical-235x156.jpg 235w" sizes="auto, (max-width: 550px) 100vw, 550px" /></a></strong></h2>
<h2><strong>EL JARDÍN MUSICAL</strong></h2>
<hr />
<p><span style="color: #546284; font-family: 'Open Sans', sans-serif; font-size: 13px;">Este programa pretende ser un puente de unión entre la comunidad y su entorno ecológico, enlazando a través de la música, los temas a tratar, relacionados con las plantas y en un contexto más general, todo lo que se inserta en la permacultura. </span></p>
<hr />
<h5><strong>CONDUCE:</strong> Julio César Vergara</h5>
<hr />
<p>&nbsp;</p>
<p><strong>Capsula Sonora: Rolando Alarcón.</strong></p>
<p>Cantautor, Folklorista, uno de los creadores de la nueva canción Chilena, que falleció tempranamente a la edad de 43 años en el año 1973</p>
<!--[if lt IE 9]><script>document.createElement('audio');</script><![endif]-->
<audio class="wp-audio-shortcode" id="audio-1092-1" preload="none" style="width: 100%;" controls="controls"><source type="audio/mpeg" src="https://radiobarriofranklin.cl/wp-content/uploads/2016/08/especial-rolando-alarcon-128-Kb.mp3?_=1" /><a href="https://radiobarriofranklin.cl/wp-content/uploads/2016/08/especial-rolando-alarcon-128-Kb.mp3">https://radiobarriofranklin.cl/wp-content/uploads/2016/08/especial-rolando-alarcon-128-Kb.mp3</a></audio>
<hr />
<p><strong>Capsula Sonora: Rockabilly.</strong></p>
<p>Una muestra de los orígenes de este genero que a su vez dio origen al Rock and Roll</p>
<audio class="wp-audio-shortcode" id="audio-1092-2" preload="none" style="width: 100%;" controls="controls"><source type="audio/mpeg" src="https://radiobarriofranklin.cl/wp-content/uploads/2016/08/Capsula-01-Rock-a-Billy-128-kb.mp3?_=2" /><a href="https://radiobarriofranklin.cl/wp-content/uploads/2016/08/Capsula-01-Rock-a-Billy-128-kb.mp3">https://radiobarriofranklin.cl/wp-content/uploads/2016/08/Capsula-01-Rock-a-Billy-128-kb.mp3</a></audio>
<hr />
<p><strong>Capsula Sonora: Homenaje a George Martín.</strong></p>
<p>Conocido como el 5º Beatle, este director y arreglador, fue quien creo el sonido <strong>Beatle</strong>, en la producción de sus grabaciones en los estudios Abbey Road en Londres. Un homenaje al estilo de la Radio Franklin , que incluye la pieza orquestal de introducción del Submarino Amarillo.</p>
<audio class="wp-audio-shortcode" id="audio-1092-3" preload="none" style="width: 100%;" controls="controls"><source type="audio/mpeg" src="https://radiobarriofranklin.cl/wp-content/uploads/2016/08/Homenaje-a-George-Martin-128-streaming.mp3?_=3" /><a href="https://radiobarriofranklin.cl/wp-content/uploads/2016/08/Homenaje-a-George-Martin-128-streaming.mp3">https://radiobarriofranklin.cl/wp-content/uploads/2016/08/Homenaje-a-George-Martin-128-streaming.mp3</a></audio>
<hr />
<p><strong>Programa 04: Carmesí y Trébol.<br />
</strong></p>
<p>Aquí hablamos de las bondades del Trébol, planta conocida por todos,pero que ignoramos sus propiedades alimenticias y terapéuticas.Destacamos la entrevista-conversacion con Ángel Parra, folklorista,cantante,escritor y gestor del movimiento de la Nueva canción chilena, y terminamos con el grupo Aguaturbia y su versión de Carmesí y Trébol.</p>
<audio class="wp-audio-shortcode" id="audio-1092-4" preload="none" style="width: 100%;" controls="controls"><source type="audio/mpeg" src="https://radiobarriofranklin.cl/wp-content/uploads/2015/12/cuarto-programa-Mezcla-128.mp3?_=4" /><a href="https://radiobarriofranklin.cl/wp-content/uploads/2015/12/cuarto-programa-Mezcla-128.mp3">https://radiobarriofranklin.cl/wp-content/uploads/2015/12/cuarto-programa-Mezcla-128.mp3</a></audio>
<hr />
<p><strong>Programa 03: Especial Fiestas Patrias.</strong></p>
<p>Capítulo dedicado integramente a la música de nuestra tierra.</p>
<audio class="wp-audio-shortcode" id="audio-1092-5" preload="none" style="width: 100%;" controls="controls"><source type="audio/mpeg" src="https://radiobarriofranklin.cl/wp-content/uploads/2015/07/Jardin-Musical-03-Especial-musical-18-de-Seprtiembre.mp3?_=5" /><a href="https://radiobarriofranklin.cl/wp-content/uploads/2015/07/Jardin-Musical-03-Especial-musical-18-de-Seprtiembre.mp3">https://radiobarriofranklin.cl/wp-content/uploads/2015/07/Jardin-Musical-03-Especial-musical-18-de-Seprtiembre.mp3</a></audio>
<hr />
<p><strong>Programa 02: Visiones compartidas sobre el cuidado del medio ambiente.</strong></p>
<p>En este capitulo,  expondremos las visiones de la Iglesia Católica, la Cosmovisión Mapuche y de un vecino del barrio acerca de la preservación del medio ambiente y la Naturaleza.  A través de la música,  tomaremos conciencia de los talentos que todos tenemos para seguir esta huella.</p>
<audio class="wp-audio-shortcode" id="audio-1092-6" preload="none" style="width: 100%;" controls="controls"><source type="audio/mpeg" src="https://radiobarriofranklin.cl/wp-content/uploads/2015/09/Jardin-Musical-2-.mp3?_=6" /><a href="https://radiobarriofranklin.cl/wp-content/uploads/2015/09/Jardin-Musical-2-.mp3">https://radiobarriofranklin.cl/wp-content/uploads/2015/09/Jardin-Musical-2-.mp3</a></audio>
<p><strong> </strong></p>
<hr />

<p>EL JARDÍN MUSICAL Este programa pretende ser un puente de unión entre la comunidad y su entorno ecológico, enlazando a través de la música, los temas a tratar, relacionados con las plantas y en un contexto más general, todo lo que se inserta en la permacultura.  CONDUCE: Julio César Vergara &nbsp; Capsula Sonora: Rolando Alarcón. Cantautor, Folklorista, uno [&hellip;]</p>
