{"id":3249,"date":"2021-04-27T18:30:23","date_gmt":"2021-04-27T18:30:23","guid":{"rendered":"http:\/\/radiobarriofranklin.cl\/?page_id=3249"},"modified":"2023-05-16T19:09:37","modified_gmt":"2023-05-16T19:09:37","slug":"levantemos-los-panuelos","status":"publish","type":"page","link":"https:\/\/radiobarriofranklin.cl\/index.php\/levantemos-los-panuelos\/","title":{"rendered":"Levantemos los pa\u00f1uelos"},"content":{"rendered":"<p><a href=\"https:\/\/radiobarriofranklin.cl\/wp-content\/uploads\/2021\/04\/foto.jpeg\"><img decoding=\"async\" class=\"alignnone size-full wp-image-3250\" src=\"https:\/\/radiobarriofranklin.cl\/wp-content\/uploads\/2021\/04\/foto.jpeg\" alt=\"foto\" width=\"300\" srcset=\"https:\/\/radiobarriofranklin.cl\/wp-content\/uploads\/2021\/04\/foto.jpeg 720w, https:\/\/radiobarriofranklin.cl\/wp-content\/uploads\/2021\/04\/foto-169x300.jpeg 169w, https:\/\/radiobarriofranklin.cl\/wp-content\/uploads\/2021\/04\/foto-576x1024.jpeg 576w, https:\/\/radiobarriofranklin.cl\/wp-content\/uploads\/2021\/04\/foto-84x150.jpeg 84w, https:\/\/radiobarriofranklin.cl\/wp-content\/uploads\/2021\/04\/foto-45x80.jpeg 45w, https:\/\/radiobarriofranklin.cl\/wp-content\/uploads\/2021\/04\/foto-132x235.jpeg 132w\" sizes=\"(max-width: 720px) 100vw, 720px\" \/><\/a><\/p>\n<h2><strong>LEVANTEMOS LOS PA\u00d1UELOS<\/strong><\/h2>\n<hr \/>\n<p><span style=\"color: #546284; font-family: 'Open Sans', sans-serif; font-size: 13px;\">Programa conducido por vecinas del barrio, la Mayi, la Clau y la Facu, que analizan la contingencia, pol\u00edtica, feminismo y salud, todos los mi\u00e9rcoles a las 21:00 hrs.<br \/>\n<\/span><\/p>\n<hr \/>\n<p><strong>Programa N\u00b03:\u00a0<\/strong> Problem\u00e1ticas del barrio, contacto telef\u00f3nico con la dirigente Valeria Bustos y tambi\u00e9n conversamos con Patricia Pino sobre patrimonio.<\/p>\n<!--[if lt IE 9]><script>document.createElement('audio');<\/script><![endif]-->\n<audio class=\"wp-audio-shortcode\" id=\"audio-3249-1\" preload=\"none\" style=\"width: 100%;\" controls=\"controls\"><source type=\"audio\/mpeg\" src=\"https:\/\/radiobarriofranklin.cl\/wp-content\/uploads\/2021\/04\/PROGRAMA_01_LEVANTEMOS_LOS-PA\u00d1UELOS_17_MARZO_2021.mp3?_=1\" \/><a href=\"https:\/\/radiobarriofranklin.cl\/wp-content\/uploads\/2021\/04\/PROGRAMA_01_LEVANTEMOS_LOS-PA\u00d1UELOS_17_MARZO_2021.mp3\">https:\/\/radiobarriofranklin.cl\/wp-content\/uploads\/2021\/04\/PROGRAMA_01_LEVANTEMOS_LOS-PA\u00d1UELOS_17_MARZO_2021.mp3<\/a><\/audio>\n<p>14 de abril\u00a02021<\/p>\n<hr \/>\n<p><strong>Programa N\u00b02:\u00a0<\/strong> Las elecciones que se aproximan, activaci\u00f3n de las ollas comunes en el barrio, contacto telef\u00f3nico con Mar\u00eda Ang\u00e9lica Briones, dirigente vecinal.<\/p>\n<audio class=\"wp-audio-shortcode\" id=\"audio-3249-2\" preload=\"none\" style=\"width: 100%;\" controls=\"controls\"><source type=\"audio\/mpeg\" src=\"https:\/\/radiobarriofranklin.cl\/wp-content\/uploads\/2021\/04\/PROGRAMA_02_LEVANTEMOS_LOS_PA\u00d1UELOS_31_MARZO_2021.mp3?_=2\" \/><a href=\"https:\/\/radiobarriofranklin.cl\/wp-content\/uploads\/2021\/04\/PROGRAMA_02_LEVANTEMOS_LOS_PA\u00d1UELOS_31_MARZO_2021.mp3\">https:\/\/radiobarriofranklin.cl\/wp-content\/uploads\/2021\/04\/PROGRAMA_02_LEVANTEMOS_LOS_PA\u00d1UELOS_31_MARZO_2021.mp3<\/a><\/audio>\n<p>31 de marzo 2021<\/p>\n<hr \/>\n<p><strong>Programa N\u00b01:\u00a0<\/strong>Marcha del 8M, testimonios de vecinas asistentes a la marcha y problem\u00e1ticas que traen las medidas de la cuarentena.<\/p>\n<audio class=\"wp-audio-shortcode\" id=\"audio-3249-3\" preload=\"none\" style=\"width: 100%;\" controls=\"controls\"><source type=\"audio\/mpeg\" src=\"https:\/\/radiobarriofranklin.cl\/wp-content\/uploads\/2021\/04\/PROGRAMA_01_LEVANTEMOS_LOS-PA\u00d1UELOS_17_MARZO_2021.mp3?_=3\" \/><a href=\"https:\/\/radiobarriofranklin.cl\/wp-content\/uploads\/2021\/04\/PROGRAMA_01_LEVANTEMOS_LOS-PA\u00d1UELOS_17_MARZO_2021.mp3\">https:\/\/radiobarriofranklin.cl\/wp-content\/uploads\/2021\/04\/PROGRAMA_01_LEVANTEMOS_LOS-PA\u00d1UELOS_17_MARZO_2021.mp3<\/a><\/audio>\n<p>17 de marzo 2021<\/p>\n","protected":false},"excerpt":{"rendered":"<p>LEVANTEMOS LOS PA\u00d1UELOS Programa conducido por vecinas del barrio, la Mayi, la Clau y la Facu, que analizan la contingencia, pol\u00edtica, feminismo y salud, todos los mi\u00e9rcoles a las 21:00 hrs. Programa N\u00b03:\u00a0 Problem\u00e1ticas del barrio, contacto telef\u00f3nico con la dirigente Valeria Bustos y tambi\u00e9n conversamos con Patricia Pino sobre patrimonio. 14 de abril\u00a02021 Programa [&hellip;]<\/p>\n","protected":false},"author":1,"featured_media":0,"parent":0,"menu_order":0,"comment_status":"closed","ping_status":"closed","template":"","meta":{"footnotes":""},"class_list":["post-3249","page","type-page","status-publish","hentry"],"_links":{"self":[{"href":"https:\/\/radiobarriofranklin.cl\/index.php\/wp-json\/wp\/v2\/pages\/3249","targetHints":{"allow":["GET"]}}],"collection":[{"href":"https:\/\/radiobarriofranklin.cl\/index.php\/wp-json\/wp\/v2\/pages"}],"about":[{"href":"https:\/\/radiobarriofranklin.cl\/index.php\/wp-json\/wp\/v2\/types\/page"}],"author":[{"embeddable":true,"href":"https:\/\/radiobarriofranklin.cl\/index.php\/wp-json\/wp\/v2\/users\/1"}],"replies":[{"embeddable":true,"href":"https:\/\/radiobarriofranklin.cl\/index.php\/wp-json\/wp\/v2\/comments?post=3249"}],"version-history":[{"count":3,"href":"https:\/\/radiobarriofranklin.cl\/index.php\/wp-json\/wp\/v2\/pages\/3249\/revisions"}],"predecessor-version":[{"id":3257,"href":"https:\/\/radiobarriofranklin.cl\/index.php\/wp-json\/wp\/v2\/pages\/3249\/revisions\/3257"}],"wp:attachment":[{"href":"https:\/\/radiobarriofranklin.cl\/index.php\/wp-json\/wp\/v2\/media?parent=3249"}],"curies":[{"name":"wp","href":"https:\/\/api.w.org\/{rel}","templated":true}]}}