{"id":4103,"date":"2023-03-22T17:23:37","date_gmt":"2023-03-22T17:23:37","guid":{"rendered":"http:\/\/radiobarriofranklin.cl\/?page_id=4103"},"modified":"2026-04-29T02:07:38","modified_gmt":"2026-04-29T02:07:38","slug":"genialmente-comunes","status":"publish","type":"page","link":"https:\/\/radiobarriofranklin.cl\/index.php\/genialmente-comunes\/","title":{"rendered":"Genialmente Comunes"},"content":{"rendered":"<p><img loading=\"lazy\" decoding=\"async\" class=\"alignnone wp-image-4105\" src=\"https:\/\/radiobarriofranklin.cl\/wp-content\/uploads\/2023\/03\/WhatsApp-Image-2023-03-22-at-14.31.08.jpeg\" alt=\"\" width=\"307\" height=\"409\" srcset=\"https:\/\/radiobarriofranklin.cl\/wp-content\/uploads\/2023\/03\/WhatsApp-Image-2023-03-22-at-14.31.08.jpeg 960w, https:\/\/radiobarriofranklin.cl\/wp-content\/uploads\/2023\/03\/WhatsApp-Image-2023-03-22-at-14.31.08-225x300.jpeg 225w, https:\/\/radiobarriofranklin.cl\/wp-content\/uploads\/2023\/03\/WhatsApp-Image-2023-03-22-at-14.31.08-768x1024.jpeg 768w, https:\/\/radiobarriofranklin.cl\/wp-content\/uploads\/2023\/03\/WhatsApp-Image-2023-03-22-at-14.31.08-113x150.jpeg 113w, https:\/\/radiobarriofranklin.cl\/wp-content\/uploads\/2023\/03\/WhatsApp-Image-2023-03-22-at-14.31.08-60x80.jpeg 60w, https:\/\/radiobarriofranklin.cl\/wp-content\/uploads\/2023\/03\/WhatsApp-Image-2023-03-22-at-14.31.08-176x235.jpeg 176w\" sizes=\"auto, (max-width: 307px) 100vw, 307px\" \/><\/p>\n<h2><strong>GENIALMENTE COMUNES<\/strong><\/h2>\n<hr \/>\n<p>Un programa de conversaci\u00f3n cultural y literaria.<\/p>\n<hr \/>\n<h5><strong>CONDUCE:<\/strong> ROSITA SERRANO<\/h5>\n<p>LOS GENIALMENTE COMUNES<br \/>\nConduce: Rosita Serrano<br \/>\nInvitada: Jimena Pacheco, profesora y cuentacuentos<br \/>\nTema: Gabriela Mistral: 80 a\u00f1os del Premio Nobel<br \/>\nFecha: 11 diciembre 2025<\/p>\n<!--[if lt IE 9]><script>document.createElement('audio');<\/script><![endif]-->\n<audio class=\"wp-audio-shortcode\" id=\"audio-4103-1\" preload=\"none\" style=\"width: 100%;\" controls=\"controls\"><source type=\"audio\/mpeg\" src=\"https:\/\/radiobarriofranklin.cl\/wp-content\/uploads\/2026\/04\/genialmente-comunes-11-12-2025-final.mp3?_=1\" \/><a href=\"https:\/\/radiobarriofranklin.cl\/wp-content\/uploads\/2026\/04\/genialmente-comunes-11-12-2025-final.mp3\">https:\/\/radiobarriofranklin.cl\/wp-content\/uploads\/2026\/04\/genialmente-comunes-11-12-2025-final.mp3<\/a><\/audio>\n<p>&nbsp;<\/p>\n<p>LOS GENIALMENTE COMUNES<br \/>\nConduce: Rosita Serrano<br \/>\nInvitada: Constanza Mekis,presidenta Fundaci\u00f3n La Palabra<br \/>\nTema: labor de la Fundaci\u00f3n<br \/>\nFecha: 23 de octubre 2025<\/p>\n<audio class=\"wp-audio-shortcode\" id=\"audio-4103-2\" preload=\"none\" style=\"width: 100%;\" controls=\"controls\"><source type=\"audio\/mpeg\" src=\"https:\/\/radiobarriofranklin.cl\/wp-content\/uploads\/2026\/04\/genialmente-comunes-23-10-22025-constansa-meki-final.mp3?_=2\" \/><a href=\"https:\/\/radiobarriofranklin.cl\/wp-content\/uploads\/2026\/04\/genialmente-comunes-23-10-22025-constansa-meki-final.mp3\">https:\/\/radiobarriofranklin.cl\/wp-content\/uploads\/2026\/04\/genialmente-comunes-23-10-22025-constansa-meki-final.mp3<\/a><\/audio>\n<p>&nbsp;<\/p>\n<audio class=\"wp-audio-shortcode\" id=\"audio-4103-3\" preload=\"none\" style=\"width: 100%;\" controls=\"controls\"><source type=\"audio\/mpeg\" src=\"https:\/\/radiobarriofranklin.cl\/wp-content\/uploads\/2025\/12\/genialmente-comunes-04-09-2025.mp3?_=3\" \/><a href=\"https:\/\/radiobarriofranklin.cl\/wp-content\/uploads\/2025\/12\/genialmente-comunes-04-09-2025.mp3\">https:\/\/radiobarriofranklin.cl\/wp-content\/uploads\/2025\/12\/genialmente-comunes-04-09-2025.mp3<\/a><\/audio>\n<p>GENIALMENTE COMUNES<br \/>\nInvitada: Estefani D\u00edaz Az\u00faa, profesora de lenguaje<br \/>\nTema: mediaci\u00f3n cultural y literatura de ni\u00f1os, ni\u00f1as y j\u00f3venes<br \/>\nFecha de emisi\u00f3n: 26 de junio 2025<\/p>\n<p>&nbsp;<\/p>\n<audio class=\"wp-audio-shortcode\" id=\"audio-4103-4\" preload=\"none\" style=\"width: 100%;\" controls=\"controls\"><source type=\"audio\/mpeg\" src=\"https:\/\/radiobarriofranklin.cl\/wp-content\/uploads\/2025\/08\/genialmente-comunes-26-06-2025-estefi-bilij-final.mp3?_=4\" \/><a href=\"https:\/\/radiobarriofranklin.cl\/wp-content\/uploads\/2025\/08\/genialmente-comunes-26-06-2025-estefi-bilij-final.mp3\">https:\/\/radiobarriofranklin.cl\/wp-content\/uploads\/2025\/08\/genialmente-comunes-26-06-2025-estefi-bilij-final.mp3<\/a><\/audio>\n<p>&nbsp;<\/p>\n<p>GENIALMENTE COMUNES<br \/>\nTema: asesinato de Manuel Rodr\u00edguez y otras efem\u00e9rides<br \/>\nFecha de emisi\u00f3n: 29 de mayo 2025<\/p>\n<audio class=\"wp-audio-shortcode\" id=\"audio-4103-5\" preload=\"none\" style=\"width: 100%;\" controls=\"controls\"><source type=\"audio\/mpeg\" src=\"https:\/\/radiobarriofranklin.cl\/wp-content\/uploads\/2025\/07\/GENIALMENTE-COMUNES-29-05-2025.mp3?_=5\" \/><a href=\"https:\/\/radiobarriofranklin.cl\/wp-content\/uploads\/2025\/07\/GENIALMENTE-COMUNES-29-05-2025.mp3\">https:\/\/radiobarriofranklin.cl\/wp-content\/uploads\/2025\/07\/GENIALMENTE-COMUNES-29-05-2025.mp3<\/a><\/audio>\n<p>&nbsp;<\/p>\n<p>Tema: d\u00eda internacional de la mujer y homenaje a Gabriela Mistral por cumplirse 80 a\u00f1os desde la entrega del Premio Nobel de literatura.<br \/>\nFecha de emisi\u00f3n: 6 marzo 2025<\/p>\n<audio class=\"wp-audio-shortcode\" id=\"audio-4103-6\" preload=\"none\" style=\"width: 100%;\" controls=\"controls\"><source type=\"audio\/mpeg\" src=\"https:\/\/radiobarriofranklin.cl\/wp-content\/uploads\/2025\/06\/Genialmente-Comunes-6-03-2025.mp3?_=6\" \/><a href=\"https:\/\/radiobarriofranklin.cl\/wp-content\/uploads\/2025\/06\/Genialmente-Comunes-6-03-2025.mp3\">https:\/\/radiobarriofranklin.cl\/wp-content\/uploads\/2025\/06\/Genialmente-Comunes-6-03-2025.mp3<\/a><\/audio>\n<p>&nbsp;<\/p>\n<p>Emisi\u00f3n 6 febrero 2025: tema efem\u00e9rides culturales<\/p>\n<audio class=\"wp-audio-shortcode\" id=\"audio-4103-7\" preload=\"none\" style=\"width: 100%;\" controls=\"controls\"><source type=\"audio\/mpeg\" src=\"https:\/\/radiobarriofranklin.cl\/wp-content\/uploads\/2025\/06\/genialmente-comunes-06-02-2025-fina.mp3?_=7\" \/><a href=\"https:\/\/radiobarriofranklin.cl\/wp-content\/uploads\/2025\/06\/genialmente-comunes-06-02-2025-fina.mp3\">https:\/\/radiobarriofranklin.cl\/wp-content\/uploads\/2025\/06\/genialmente-comunes-06-02-2025-fina.mp3<\/a><\/audio>\n<p>&nbsp;<\/p>\n<p><strong>Programa N.\u00ba 2<\/strong><\/p>\n<p>Tema: La violencia en todos sus formas, atenci\u00f3n integral a las v\u00edctimas. Campa\u00f1a del libro: \u00abUna persona, un libro\u00bb. Invitadas: Marion Ya\u00f1ez y Yeny Davila.<\/p>\n<audio class=\"wp-audio-shortcode\" id=\"audio-4103-8\" preload=\"none\" style=\"width: 100%;\" controls=\"controls\"><source type=\"audio\/mpeg\" src=\"https:\/\/radiobarriofranklin.cl\/wp-content\/uploads\/2023\/03\/genial-mente-comunes-09-03-2023.mp3?_=8\" \/><a href=\"https:\/\/radiobarriofranklin.cl\/wp-content\/uploads\/2023\/03\/genial-mente-comunes-09-03-2023.mp3\">https:\/\/radiobarriofranklin.cl\/wp-content\/uploads\/2023\/03\/genial-mente-comunes-09-03-2023.mp3<\/a><\/audio>\n<p>9 de marzo 2023<\/p>\n<hr \/>\n<p><strong>Programa N.\u00ba 1<\/strong><\/p>\n<p>Tema: D\u00eda internacional de la mujer.<\/p>\n<div>\n<audio class=\"wp-audio-shortcode\" id=\"audio-4103-9\" preload=\"none\" style=\"width: 100%;\" controls=\"controls\"><source type=\"audio\/mpeg\" src=\"https:\/\/radiobarriofranklin.cl\/wp-content\/uploads\/2023\/03\/genialmente-comunes-02-03-2023.mp3?_=9\" \/><a href=\"https:\/\/radiobarriofranklin.cl\/wp-content\/uploads\/2023\/03\/genialmente-comunes-02-03-2023.mp3\">https:\/\/radiobarriofranklin.cl\/wp-content\/uploads\/2023\/03\/genialmente-comunes-02-03-2023.mp3<\/a><\/audio>\n<\/div>\n<p>2 de marzo 2023<\/p>\n<hr \/>\n<p>&nbsp;<\/p>\n<p>&nbsp;<\/p>\n","protected":false},"excerpt":{"rendered":"<p>GENIALMENTE COMUNES Un programa de conversaci\u00f3n cultural y literaria. CONDUCE: ROSITA SERRANO LOS GENIALMENTE COMUNES Conduce: Rosita Serrano Invitada: Jimena Pacheco, profesora y cuentacuentos Tema: Gabriela Mistral: 80 a\u00f1os del Premio Nobel Fecha: 11 diciembre 2025 &nbsp; LOS GENIALMENTE COMUNES Conduce: Rosita Serrano Invitada: Constanza Mekis,presidenta Fundaci\u00f3n La Palabra Tema: labor de la Fundaci\u00f3n Fecha: [&hellip;]<\/p>\n","protected":false},"author":1,"featured_media":0,"parent":0,"menu_order":0,"comment_status":"closed","ping_status":"closed","template":"","meta":{"footnotes":""},"class_list":["post-4103","page","type-page","status-publish","hentry"],"_links":{"self":[{"href":"https:\/\/radiobarriofranklin.cl\/index.php\/wp-json\/wp\/v2\/pages\/4103","targetHints":{"allow":["GET"]}}],"collection":[{"href":"https:\/\/radiobarriofranklin.cl\/index.php\/wp-json\/wp\/v2\/pages"}],"about":[{"href":"https:\/\/radiobarriofranklin.cl\/index.php\/wp-json\/wp\/v2\/types\/page"}],"author":[{"embeddable":true,"href":"https:\/\/radiobarriofranklin.cl\/index.php\/wp-json\/wp\/v2\/users\/1"}],"replies":[{"embeddable":true,"href":"https:\/\/radiobarriofranklin.cl\/index.php\/wp-json\/wp\/v2\/comments?post=4103"}],"version-history":[{"count":19,"href":"https:\/\/radiobarriofranklin.cl\/index.php\/wp-json\/wp\/v2\/pages\/4103\/revisions"}],"predecessor-version":[{"id":4529,"href":"https:\/\/radiobarriofranklin.cl\/index.php\/wp-json\/wp\/v2\/pages\/4103\/revisions\/4529"}],"wp:attachment":[{"href":"https:\/\/radiobarriofranklin.cl\/index.php\/wp-json\/wp\/v2\/media?parent=4103"}],"curies":[{"name":"wp","href":"https:\/\/api.w.org\/{rel}","templated":true}]}}

<p><img loading="lazy" decoding="async" class="alignnone wp-image-4105" src="https://radiobarriofranklin.cl/wp-content/uploads/2023/03/WhatsApp-Image-2023-03-22-at-14.31.08.jpeg" alt="" width="307" height="409" srcset="https://radiobarriofranklin.cl/wp-content/uploads/2023/03/WhatsApp-Image-2023-03-22-at-14.31.08.jpeg 960w, https://radiobarriofranklin.cl/wp-content/uploads/2023/03/WhatsApp-Image-2023-03-22-at-14.31.08-225x300.jpeg 225w, https://radiobarriofranklin.cl/wp-content/uploads/2023/03/WhatsApp-Image-2023-03-22-at-14.31.08-768x1024.jpeg 768w, https://radiobarriofranklin.cl/wp-content/uploads/2023/03/WhatsApp-Image-2023-03-22-at-14.31.08-113x150.jpeg 113w, https://radiobarriofranklin.cl/wp-content/uploads/2023/03/WhatsApp-Image-2023-03-22-at-14.31.08-60x80.jpeg 60w, https://radiobarriofranklin.cl/wp-content/uploads/2023/03/WhatsApp-Image-2023-03-22-at-14.31.08-176x235.jpeg 176w" sizes="auto, (max-width: 307px) 100vw, 307px" /></p>
<h2><strong>GENIALMENTE COMUNES</strong></h2>
<hr />
<p>Un programa de conversación cultural y literaria.</p>
<hr />
<h5><strong>CONDUCE:</strong> ROSITA SERRANO</h5>
<p>LOS GENIALMENTE COMUNES<br />
Conduce: Rosita Serrano<br />
Invitada: Jimena Pacheco, profesora y cuentacuentos<br />
Tema: Gabriela Mistral: 80 años del Premio Nobel<br />
Fecha: 11 diciembre 2025</p>
<!--[if lt IE 9]><script>document.createElement('audio');</script><![endif]-->
<audio class="wp-audio-shortcode" id="audio-4103-1" preload="none" style="width: 100%;" controls="controls"><source type="audio/mpeg" src="https://radiobarriofranklin.cl/wp-content/uploads/2026/04/genialmente-comunes-11-12-2025-final.mp3?_=1" /><a href="https://radiobarriofranklin.cl/wp-content/uploads/2026/04/genialmente-comunes-11-12-2025-final.mp3">https://radiobarriofranklin.cl/wp-content/uploads/2026/04/genialmente-comunes-11-12-2025-final.mp3</a></audio>
<p>&nbsp;</p>
<p>LOS GENIALMENTE COMUNES<br />
Conduce: Rosita Serrano<br />
Invitada: Constanza Mekis,presidenta Fundación La Palabra<br />
Tema: labor de la Fundación<br />
Fecha: 23 de octubre 2025</p>
<audio class="wp-audio-shortcode" id="audio-4103-2" preload="none" style="width: 100%;" controls="controls"><source type="audio/mpeg" src="https://radiobarriofranklin.cl/wp-content/uploads/2026/04/genialmente-comunes-23-10-22025-constansa-meki-final.mp3?_=2" /><a href="https://radiobarriofranklin.cl/wp-content/uploads/2026/04/genialmente-comunes-23-10-22025-constansa-meki-final.mp3">https://radiobarriofranklin.cl/wp-content/uploads/2026/04/genialmente-comunes-23-10-22025-constansa-meki-final.mp3</a></audio>
<p>&nbsp;</p>
<audio class="wp-audio-shortcode" id="audio-4103-3" preload="none" style="width: 100%;" controls="controls"><source type="audio/mpeg" src="https://radiobarriofranklin.cl/wp-content/uploads/2025/12/genialmente-comunes-04-09-2025.mp3?_=3" /><a href="https://radiobarriofranklin.cl/wp-content/uploads/2025/12/genialmente-comunes-04-09-2025.mp3">https://radiobarriofranklin.cl/wp-content/uploads/2025/12/genialmente-comunes-04-09-2025.mp3</a></audio>
<p>GENIALMENTE COMUNES<br />
Invitada: Estefani Díaz Azúa, profesora de lenguaje<br />
Tema: mediación cultural y literatura de niños, niñas y jóvenes<br />
Fecha de emisión: 26 de junio 2025</p>
<p>&nbsp;</p>
<audio class="wp-audio-shortcode" id="audio-4103-4" preload="none" style="width: 100%;" controls="controls"><source type="audio/mpeg" src="https://radiobarriofranklin.cl/wp-content/uploads/2025/08/genialmente-comunes-26-06-2025-estefi-bilij-final.mp3?_=4" /><a href="https://radiobarriofranklin.cl/wp-content/uploads/2025/08/genialmente-comunes-26-06-2025-estefi-bilij-final.mp3">https://radiobarriofranklin.cl/wp-content/uploads/2025/08/genialmente-comunes-26-06-2025-estefi-bilij-final.mp3</a></audio>
<p>&nbsp;</p>
<p>GENIALMENTE COMUNES<br />
Tema: asesinato de Manuel Rodríguez y otras efemérides<br />
Fecha de emisión: 29 de mayo 2025</p>
<audio class="wp-audio-shortcode" id="audio-4103-5" preload="none" style="width: 100%;" controls="controls"><source type="audio/mpeg" src="https://radiobarriofranklin.cl/wp-content/uploads/2025/07/GENIALMENTE-COMUNES-29-05-2025.mp3?_=5" /><a href="https://radiobarriofranklin.cl/wp-content/uploads/2025/07/GENIALMENTE-COMUNES-29-05-2025.mp3">https://radiobarriofranklin.cl/wp-content/uploads/2025/07/GENIALMENTE-COMUNES-29-05-2025.mp3</a></audio>
<p>&nbsp;</p>
<p>Tema: día internacional de la mujer y homenaje a Gabriela Mistral por cumplirse 80 años desde la entrega del Premio Nobel de literatura.<br />
Fecha de emisión: 6 marzo 2025</p>
<audio class="wp-audio-shortcode" id="audio-4103-6" preload="none" style="width: 100%;" controls="controls"><source type="audio/mpeg" src="https://radiobarriofranklin.cl/wp-content/uploads/2025/06/Genialmente-Comunes-6-03-2025.mp3?_=6" /><a href="https://radiobarriofranklin.cl/wp-content/uploads/2025/06/Genialmente-Comunes-6-03-2025.mp3">https://radiobarriofranklin.cl/wp-content/uploads/2025/06/Genialmente-Comunes-6-03-2025.mp3</a></audio>
<p>&nbsp;</p>
<p>Emisión 6 febrero 2025: tema efemérides culturales</p>
<audio class="wp-audio-shortcode" id="audio-4103-7" preload="none" style="width: 100%;" controls="controls"><source type="audio/mpeg" src="https://radiobarriofranklin.cl/wp-content/uploads/2025/06/genialmente-comunes-06-02-2025-fina.mp3?_=7" /><a href="https://radiobarriofranklin.cl/wp-content/uploads/2025/06/genialmente-comunes-06-02-2025-fina.mp3">https://radiobarriofranklin.cl/wp-content/uploads/2025/06/genialmente-comunes-06-02-2025-fina.mp3</a></audio>
<p>&nbsp;</p>
<p><strong>Programa N.º 2</strong></p>
<p>Tema: La violencia en todos sus formas, atención integral a las víctimas. Campaña del libro: «Una persona, un libro». Invitadas: Marion Yañez y Yeny Davila.</p>
<audio class="wp-audio-shortcode" id="audio-4103-8" preload="none" style="width: 100%;" controls="controls"><source type="audio/mpeg" src="https://radiobarriofranklin.cl/wp-content/uploads/2023/03/genial-mente-comunes-09-03-2023.mp3?_=8" /><a href="https://radiobarriofranklin.cl/wp-content/uploads/2023/03/genial-mente-comunes-09-03-2023.mp3">https://radiobarriofranklin.cl/wp-content/uploads/2023/03/genial-mente-comunes-09-03-2023.mp3</a></audio>
<p>9 de marzo 2023</p>
<hr />
<p><strong>Programa N.º 1</strong></p>
<p>Tema: Día internacional de la mujer.</p>
<div>
<audio class="wp-audio-shortcode" id="audio-4103-9" preload="none" style="width: 100%;" controls="controls"><source type="audio/mpeg" src="https://radiobarriofranklin.cl/wp-content/uploads/2023/03/genialmente-comunes-02-03-2023.mp3?_=9" /><a href="https://radiobarriofranklin.cl/wp-content/uploads/2023/03/genialmente-comunes-02-03-2023.mp3">https://radiobarriofranklin.cl/wp-content/uploads/2023/03/genialmente-comunes-02-03-2023.mp3</a></audio>
</div>
<p>2 de marzo 2023</p>
<hr />
<p>&nbsp;</p>
<p>&nbsp;</p>

<p>GENIALMENTE COMUNES Un programa de conversación cultural y literaria. CONDUCE: ROSITA SERRANO LOS GENIALMENTE COMUNES Conduce: Rosita Serrano Invitada: Jimena Pacheco, profesora y cuentacuentos Tema: Gabriela Mistral: 80 años del Premio Nobel Fecha: 11 diciembre 2025 &nbsp; LOS GENIALMENTE COMUNES Conduce: Rosita Serrano Invitada: Constanza Mekis,presidenta Fundación La Palabra Tema: labor de la Fundación Fecha: [&hellip;]</p>
